 = 0. Calculate the highest common divisor of j and x.
15
Let s be (-3 - (-7)/2)*12. Calculate the highest common factor of 15 and s.
3
Suppose 0 = -5*f - 13 + 153. Let q be 3/(15/f)*10. What is the highest common factor of 14 and q?
14
Suppose 2*o = 4*r + o - 200, 0 = -3*r - 4*o + 150. Calculate the greatest common divisor of r and 125.
25
Let o(i) = i - 2. Let b(n) = -2*n - 10. Let z be b(-8). Let x be o(z). Let c be 3/9 - (-1)/(-6)*-22. What is the highest common factor of x and c?
4
Let k be (9/3)/((-5)/(-15)). Calculate the highest common factor of k and 72.
9
Suppose o + 3*o = 4. Suppose 8 = -5*t + 63. What is the greatest common divisor of t and o?
1
Let g = -313 - -468. Calculate the greatest common factor of g and 31.
31
Suppose -15 - 9 = -z. What is the greatest common factor of 8 and z?
8
Suppose -16 = 3*y - 2*y + 4*i, -2*y - 2*i - 2 = 0. What is the highest common factor of y and 4?
4
Suppose 3*u + 3*o = -u + 11, 4*o = u + 21. Let c be (2/(-6))/(u/39). Suppose 5*h = -0*h + 260. Calculate the greatest common factor of h and c.
13
Suppose 2*j = -4*v + 3*v + 168, 0 = 4*v + 3*j - 672. Let w(y) = 24*y**3 + y - 1. Let o be w(1). Calculate the greatest common divisor of v and o.
24
Let l(h) = -2 + 2 + h + 0 - 2*h**2 + 13*h**3. Let d be l(1). Calculate the highest common factor of d and 60.
12
Suppose 4*z - 53 = 27. Let q(k) = k**2 - 2*k. Let a be q(3). Suppose 2*g + a - 11 = 0. Calculate the greatest common divisor of z and g.
4
Suppose 3*l - 3*q - 15 = 0, 15 = 5*l - 0*l - 3*q. Suppose -4*o = 4*m - 88, l = m - o - 15 - 5. Calculate the greatest common divisor of 42 and m.
21
Let d(h) = 6*h**2 - 5*h + 4. Let p be d(2). Let o be (-1185)/(-6) - 2/(-4). Calculate the highest common factor of p and o.
18
Let g(a) be the first derivative of -12*a**2 + a - 6. Let f be g(-1). What is the greatest common factor of f and 100?
25
Suppose 0*o + 27 = o. Let a be (7 + -7)*(-2)/(-4) + 18. What is the greatest common divisor of a and o?
9
Let z(c) = -c**3 - 14*c**2 + 8. Let y be z(-14). Suppose 0 = 3*a - 4*o - 11, -a + 4*o = -1 - y. Calculate the greatest common factor of a and 2.
1
Let w(c) = c**3 - 9*c**2 - 7*c - 12. Let a be w(10). Calculate the highest common divisor of a and 9.
9
Let m(f) = -f + 2. Suppose r = 6*r + 35. Let z be m(r). Calculate the highest common divisor of z and 6.
3
Let q be 12/((4/16)/(3/8)). What is the greatest common factor of q and 12?
6
Suppose 43 = c + 3*z - 5, -2*z = -4*c + 122. Calculate the greatest common divisor of 88 and c.
11
Suppose n + 2 = -n. Let c be -2*2/4*n. Let b be (-4 + 15)*(0 + c). Calculate the highest common factor of 88 and b.
11
Suppose -2*b + 117 = 91. Suppose 0 = 4*k - 2 - 18. Suppose k*w - 73 = 57. What is the highest common divisor of b and w?
13
Let t(w) = 8*w - 5. Let a be t(1). What is the highest common divisor of a and 6?
3
Let o(s) = -s**2 - 15*s - 17. Let q be o(-13). Let y(t) = t**2 + 4*t + 4. Let l be y(-5). What is the highest common factor of l and q?
9
Let j(t) = -2*t**3 - 5*t**2 - 3*t + 4. Let r be j(-3). Suppose 0 = -4*f + k - r + 81, 2*k + 70 = 5*f. What is the greatest common factor of 16 and f?
16
Let v(y) = 9*y**2 + y + 2. Let s be v(2). Suppose f = -4*f + s. What is the greatest common divisor of f and 20?
4
Suppose -2*g - 6 = -30. What is the highest common divisor of 36 and g?
12
Suppose -82 = 5*c - 402. Suppose -4*y = 2*x - c, x - 14 = -4*y + 28. Let s be (-198)/12*(-2)/3. What is the highest common factor of s and x?
11
Suppose 2970 = 3*r + 8*r. Let m be 8/4 + (-1 - -29). Calculate the highest common divisor of m and r.
30
Let n = -6 - -12. Calculate the highest common divisor of n and 6.
6
Let t be 8/(-44) + (-4760)/(-44). What is the greatest common divisor of 12 and t?
12
Suppose 4*k - 271 = -4*o - 75, 2*o = -3*k + 148. What is the highest common divisor of k and 10?
10
Let r = 33 + -3. Suppose -4*s - 5 = -3*u, -s + u - 6 = -4*s. Let d be s - (-13 + (-2)/(-1)). What is the highest common divisor of d and r?
6
Suppose 5*q - 22 - 3 = 0. Let c be (16/10)/(2/q). Calculate the greatest common divisor of c and 6.
2
Let r(v) = 8*v + 91. Let z(d) = 7*d + 91. Let k(c) = -6*r(c) + 7*z(c). Let y be k(0). Calculate the highest common factor of y and 13.
13
Let h = 1 + 5. Suppose 0 = -4*l + h*l - 12. What is the greatest common factor of l and 12?
6
Let x be (-2 + 0)/((-3)/12). Calculate the highest common divisor of 16 and x.
8
Suppose -6 = 11*q - 50. Let v be ((-2)/(-4))/(2/176). Calculate the highest common factor of v and q.
4
Let f(m) = 2*m**2 - 2*m - 5. Let h be f(4). What is the highest common factor of 95 and h?
19
Suppose -4*u + 77 = 21. Let o = 30 + -23. Calculate the greatest common factor of u and o.
7
Let f(z) = 13*z**2 - 17*z + 13. Let y be f(7). What is the highest common factor of 59 and y?
59
Suppose -2*g - 3*m + 20 = -21, 3*m - 97 = -4*g. Calculate the highest common divisor of g and 70.
14
Let m = -44 + 98. What is the highest common factor of m and 18?
18
Suppose 0 = -2*b + 3 + 7. Suppose -4*v + b*o = -255, 4*o + 116 = -5*v + 404. Calculate the highest common factor of v and 12.
12
Suppose -7*r + 53 = -38. Calculate the highest common factor of r and 117.
13
Let i = 0 - -4. Suppose 0 = -3*j + 4*s + 235, 4*j - i*s = 3*j + 65. Suppose 4*u - j = -u. Calculate the greatest common factor of u and 153.
17
Let x(f) = -f**3 + 14*f**2 + 18*f - 20. Let v be x(15). Calculate the highest common divisor of v and 15.
5
Let n be 6*(-22)/(-4) + (-1 - 0). Calculate the greatest common divisor of n and 256.
32
Suppose -3*d - 3 = -12. Let y(x) = 2*x**3 + 4*x - 4. Let a be y(d). Calculate the greatest common factor of 31 and a.
31
Let k(y) = -y**3 + 21*y**2 - 10*y - 15. Let c be k(20). What is the greatest common divisor of 74 and c?
37
Let t(i) = i**3 - 11*i**2 - 10*i + 11. Let y be t(12). What is the greatest common factor of y and 5?
5
Suppose -165 = -11*s - 0*s. Suppose -4*i - i = 4*w - 63, 6 = -2*w. Calculate the highest common factor of s and i.
15
Let o = -19 - -33. Let y(i) = i. Let b be y(o). Calculate the highest common divisor of b and 42.
14
Let b be 100/10*((-2 - -4) + -1). What is the greatest common factor of 160 and b?
10
Let a = -38 - -53. Suppose -a*f + 70 = -13*f. What is the highest common factor of 14 and f?
7
Let v be (2 - 4 - -6)/(-1). Let w be (-1)/v + 12/16. Let k be -1*(-22 - (w + -3)). What is the highest common factor of k and 50?
10
Suppose j + 1 = -1. Let d be (-16)/j*(-36)/(-16). What is the highest common divisor of d and 108?
18
Let i = -25 - -30. Calculate the highest common factor of 45 and i.
5
Let a = -327 + 340. Let o(i) = 4*i - 7. Let u be o(5). What is the greatest common factor of u and a?
13
Let v(h) = -5*h**2 - h + 5. Let y be v(7). Let i = 347 + y. Let w = 61 + -41. Calculate the highest common divisor of i and w.
20
Suppose 16*q + 56 = 23*q. Calculate the greatest common factor of q and 24.
8
Let j be -4 + -2*(-28)/4. Calculate the greatest common factor of j and 10.
10
Suppose 2*b = 10 - 0, -8 = -2*t + 2*b. Suppose 0 = -2*p - 3*q + 6*q + 60, -5*q = 4*p - 164. What is the greatest common factor of p and t?
9
Suppose -2 = -2*h + f - 3*f, 3*f + 3 = -2*h. Suppose 4*j + h = -2. Let p(w) = 11*w**2 - 2*w. Let t be p(j). What is the greatest common factor of 6 and t?
6
Suppose -2*v - v = -15. Suppose 0 = 2*m - v*y - 103, y - 5*y + 19 = m. Calculate the greatest common divisor of 13 and m.
13
Suppose 0 = -5*x - 0*x - 30. Let b(p) = -p**3 - 7*p**2 - 6*p - 2. Let o be b(x). Let h be 52/5 - o/(-5). What is the greatest common factor of 110 and h?
10
Let h = 23 - 10. Suppose -s + 3*s = 2*j + 244, -3*s - 3*j = -336. What is the highest common divisor of h and s?
13
Let d(s) = s**2 + 12*s - 10. Let g be d(8). Suppose 4*x - g = 2*x. What is the highest common factor of x and 30?
15
Suppose 2*s - 3*o = -4*o + 11, 4*s - 28 = -4*o. What is the highest common factor of 1 and s?
1
Let i(l) = l**2 + 11*l + 31. Let g be i(-8). What is the greatest common divisor of 7 and g?
7
Let n be (-30)/12*18/(-5). Calculate the greatest common factor of 18 and n.
9
Let f be (-6)/(-3*1) - -1. Suppose p + f*x - 96 = 0, 384 = 4*p - 2*x - 2*x. Suppose -2*r - p = -4*r. Calculate the greatest common divisor of r and 12.
12
Suppose 0 = p - 0*p - 11. Let j = p - 23. Let t = j - 